 of v.
2, 3
Let c be 1*4 + (-12)/12. Suppose -5*d = -p + 55, -3*p - c*d - 2*d = -205. List the prime factors of p.
5, 13
Let g(l) = 2*l**3 + 7*l**2 - 6*l + 1. Let w be g(4). Suppose 3*k + 6 = 0, -3*s - 2*s - 4*k = -w. What are the prime factors of s?
3, 5
List the prime factors of (0 - (4 + -1))/((-12)/40).
2, 5
Suppose -b = 4*u - 279, 3*b + 5*u + 360 = 1169. List the prime factors of b.
263
Let i = 660 - 512. What are the prime factors of i?
2, 37
List the prime factors of (2 - (-3 + -942)) + (-1 - -6).
2, 7, 17
Suppose 0 = -40*c + 42*c - 2268. List the prime factors of c.
2, 3, 7
Let x be 90 + (-2 - (0 - 3)). Let n = x + 56. What are the prime factors of n?
3, 7
Let p(m) = 114*m - 133. List the prime factors of p(10).
19, 53
Suppose 0 = -4*n - 4*l + 766 + 5042, 5*n + l - 7272 = 0. What are the prime factors of n?
3, 5, 97
Let r = -210 - -399. List the prime factors of r.
3, 7
Let y(m) = -2 - 2 - 37*m - 3 + 9. What are the prime factors of y(-2)?
2, 19
Let d = 1 + -13. Let g be (d/9)/((-8)/18). Suppose -5*o + 62 = -g*m, 2*o + 4*m - 14 = -o. List the prime factors of o.
2, 5
Let p be ((-6)/(-1) + -4)*1. List the prime factors of -5*13*-1*p.
2, 5, 13
Suppose s - 2*p = 254, -4*s + 7*s - 762 = -5*p. Let i = -169 + s. List the prime factors of i.
5, 17
Suppose -5*i - 5*r + 12 = -53, 0 = r - 5. Let k = 44 - i. List the prime factors of k.
2, 3
Let g(u) = 178*u**3 - 3*u**2 + 7*u + 7. What are the prime factors of g(2)?
1433
Suppose 10*p - 14*p + 156 = 0. Suppose 2*t + 3*s - 14 = 0, -6 + 0 = -3*t + 3*s. Suppose -3*a - p = -t*a. List the prime factors of a.
3, 13
Suppose -4*m + p = -5*m + 182, 4*m = p + 738. What are the prime factors of m?
2, 23
List the prime factors of 50/(-75) + 7120/6.
2, 593
Let q be 80 + (-2 - 3/3). Let o = q + -34. What are the prime factors of o?
43
Let g be 6/(-9)*-6 + -10. Let a be g/10 + 854/(-35). Let r = 12 - a. What are the prime factors of r?
37
Let k(p) = -6*p - 24. Let z(n) = 9*n + 36. Let b(r) = 7*k(r) + 5*z(r). List the prime factors of b(9).
3, 13
Let f be 1850/6 + (0 - (-2)/(-6)). Suppose -5*h + 1492 = 4*r, 2*r - f = -h - 2*r. List the prime factors of h.
2, 37
Let m be (-1284)/(-36) + (-1)/3*-1. Suppose -8*i + 9*i - m = 0. What are the prime factors of i?
2, 3
Suppose 0 = -59*l + 55*l + 2256. What are the prime factors of l?
2, 3, 47
Suppose -14*w + 10338 = -21386. List the prime factors of w.
2, 11, 103
Suppose -6*h + h + 220 = -5*n, 0 = -5*n + 5. List the prime factors of h.
3, 5
Let l(o) = 44*o - 6. Let b be l(4). Suppose -6*m + 115 = 2*j - m, 5*m = -3*j + b. Suppose j = 2*h + 11. What are the prime factors of h?
2, 11
Let x(z) = z - 16. Let m be x(16). Suppose 2*f - 40 = -y, 4*y + 4*f - 140 = -m*f. List the prime factors of y.
2, 3, 5
Let d(z) = -z**2 + 3*z - 3. Let s be d(3). Let b = 7 + s. Suppose 6*r - b*r - 30 = 0. List the prime factors of r.
3, 5
Let m(o) = -2*o**2 - 7*o + 74. Let t(a) = a**2 + 3*a - 37. Let q(g) = -3*m(g) - 5*t(g). List the prime factors of q(7).
2, 3
Let s = -732 - -894. What are the prime factors of s?
2, 3
Suppose -2*a - 2 = 6. Let c = 20 + -20. What are the prime factors of a/(c + 4) - -21?
2, 5
Let t(u) = 302*u. What are the prime factors of t(4)?
2, 151
Suppose -2*w + 76 = -98. List the prime factors of w.
3, 29
Suppose -542 - 6318 = -20*g. What are the prime factors of g?
7
Let l(b) = -8*b + 9. Let q be l(-5). Let a = 85 - q. What are the prime factors of a?
2, 3
Let a(k) = -65*k - 1. Suppose -4*f + 12 = 4*y, 3*f - 15 + 4 = -y. What are the prime factors of a(y)?
2
Let i be (-5 + 5)/(2 + 0). Let z = -30 + i. Let h = 75 + z. List the prime factors of h.
3, 5
Let t(c) = c**3 + 6*c**2 + c - 7. Suppose -5*p = y + 7 + 17, 2*p = -3*y - 7. Let i(h) = -h - 9. Let l be i(p). List the prime factors of t(l).
3, 7
Suppose 448*z - 445*z - 846 = 0. List the prime factors of z.
2, 3, 47
Let m = 5938 + -3860. What are the prime factors of m?
2, 1039
Let u(n) = 111*n + 10. What are the prime factors of u(2)?
2, 29
Let u = 10 - 7. Let z = u + -1. Suppose -z*h + 0*h = -60. List the prime factors of h.
2, 3, 5
Let a(p) = -p**3 - p**2 + p + 4. Let g be a(0). Let w(i) = -15*i**3 - 9 + 6 + 6*i**2 + i + 14*i**3. What are the prime factors of w(g)?
3, 11
Suppose -4*f = -14 + 2. Suppose 2*r - 37 = -l - r, 3*l - f*r - 99 = 0. List the prime factors of l.
2, 17
Suppose 0 = 4*s - 4*r - 796, 314 = -3*s - 3*r + 887. Let n = s + -63. What are the prime factors of n?
2, 3, 11
List the prime factors of 56/(-21)*(-90)/20.
2, 3
Let d(l) = l**3 - 6*l**2 - 19*l + 101. List the prime factors of d(17).
2957
Suppose 5*k = i - 255 + 836, -4*i = -4*k + 452. Suppose -117 = -6*r + k. What are the prime factors of r?
3, 13
Suppose -5*y + 1632 = 537. Let l = y - 156. List the prime factors of l.
3, 7
Let v = -92 + 48. Let a = v + 10. List the prime factors of 25/(-10)*a/5.
17
Let t be -1*(9*-1 + -2). Suppose 0 = 2*k + 3*u + t + 9, -4*k = -3*u + 4. List the prime factors of (9 + -17)*19/k.
2, 19
Suppose x + 598 = -5*a + 2050, 4*x - 5762 = 3*a. List the prime factors of x.
2, 7, 103
Suppose -5*d - 15 = 0, 2*k - 1 = d + 10. Suppose 0 = 2*w + 6, 196 = 4*m + w - 697. List the prime factors of (m/(-40))/(k/(-10)).
2, 7
Suppose i = 2*x - 234, -4*x - 2*i = -x - 358. Suppose -2*d + 450 = x. List the prime factors of d.
2, 83
Suppose -a = -5, -4*j = 4*a + a + 15. Let f = j - -80. What are the prime factors of f?
2, 5, 7
Let j = 123 - 121. Suppose 4*l = -t + 177, -j*t + 5*l = l - 402. What are the prime factors of t?
193
Suppose 2*g - 2*c - 2 = 0, -3*g - 2 = 4*c - 12. Suppose -5*y = -w + 72, -g*y - 2*w + 9 = -3*y. List the prime factors of (y/(-4))/((-9)/(-48)).
2, 5
Suppose -2*v = -v - 13. Suppose 50 = 3*n - 5*m, -n - 2*m + 0*m = -v. Suppose 4*q + 1 = -n, -5*k + 23 = 3*q. List the prime factors of k.
7
Let j(b) = -b - 2. Let l be j(-1). Let z be (-1)/2*58*l. Let d = z + -18. List the prime factors of d.
11
Let u be (6/(-9))/((-4)/66). Suppose u*l + 462 = 4*l. What are the prime factors of 11/(l/(-20))*15?
2, 5
Suppose 5*k = -3*x + 50, -3*k + 3*x + 7 - 1 = 0. Let h(z) = z**2 + 5*z + 29. What are the prime factors of h(k)?
113
Suppose 32 = 4*y - f - 53, 3*y - f = 65. Let s = y - 38. What are the prime factors of 122/18 + (-4)/s?
7
Suppose 98 = -3*y - 2*w, 2*y = -2*w + 17 - 83. Let s = -18 - y. Suppose -b - 1 = -2*k - 2, -3*k + 4*b = s. What are the prime factors of k?
2
Let l(a) = -a**3 + 4*a**2 - 4*a. Let i be l(3). Let f = 6 + i. Suppose 2*b - 3*y = f*b - 11, 4*b - 68 = -4*y. List the prime factors of b.
2, 5
Let m be 6/(-2)*(-8 + 19). Let k = -27 - m. Suppose 2*g - 12 = -k. What are the prime factors of g?
3
Let y(a) = 60*a**2 - a. Let q(j) = 61*j**2 - 1. Let o(r) = -2*q(r) + 3*y(r). Let h be o(2). What are the prime factors of h/24 + 1/(-2)?
3
Let b be (3/2)/(15/20). Suppose x + 7 = -b*l + 16, -3*x + 3*l = -45. List the prime factors of x.
13
Let q(w) = -w**3 + 8*w**2 - 2*w - 1. Let l be (-69)/92 + 19/4. List the prime factors of q(l).
5, 11
Let r(q) = -q**2 - 17*q - 13. Let h = -13 - 0. Let p be r(h). Suppose 5*l - 241 - p = 0. List the prime factors of l.
2, 7
Let q = -1 - -1. Suppose 2*i = 6, 12 = 3*o - 0*o + 2*i. Suppose q = o*n - 28 - 8. What are the prime factors of n?
2, 3
Let b be 2/(-8)*(0 + -52). Let l(c) = 0*c**2 + b - 6 - 2*c + 7*c**2 - c**3 - 5. List the prime factors of l(6).
2, 13
Suppose -3*q - 2*u - 3*u - 122 = 0, 4*u = 8. Let r = 25 - 46. Let o = r - q. List the prime factors of o.
23
Suppose 5*t + 784 = -12*q + 13*q, q - 3*t - 776 = 0. What are the prime factors of q?
2, 191
Let j = 1 - -7. Suppose -j = -3*v + 4. Suppose -v*t = w - 0*t - 34, -5*t - 120 = -5*w. List the prime factors of w.
2, 13
Let o = -38 + 56. Let k = 32 - o. List the prime factors of k.
2, 7
Let c be (-4)/(-3*16/36). Suppose -5*q = c*v - 176, 2*v - q = 2*q + 92. List the prime factors of v.
2, 13
Let b = 32 - -156. Let j = b - 116. List the prime factors of j.
2, 3
Let u = -111 - -191. Suppose -5*g + 35 = -u. List the prime factors of g.
23
Let n be (2/2)/((-3)/(-39)). Suppose -3*m = 1 - 25. Let j = n - m. What are the prime factors of j?
5
Let d(r) = -4*r**3 + r + 1. Let b be d(-1). Let y(a) = a - 6. Let x be y(b). List the prime factors of (-186)/(-14) - x/(-7).
13
Let o be 2/4*(-15 + 17). What are the prime factors of 8 - (o + (-8 - -3